*w = -2*n + 12. Calculate the highest common divisor of 10 and n.
2
Suppose 3*v + 146 = 185. What is the highest common divisor of v and 559?
13
Let y be 2 - (-4 - -1) - (-46 + -3). Calculate the highest common factor of 702 and y.
54
Suppose -9*k + 12 = -6*k. Suppose -b = c - 138, k*c - 4*b = b + 570. Calculate the highest common factor of c and 28.
28
Suppose 0 = -2*t + 2 + 10. Let j = t - -1. Let b = 18 - 11. What is the greatest common factor of b and j?
7
Let j = 21 + -30. Let h = j - -17. What is the greatest common divisor of 8 and h?
8
Suppose -14 = 3*d - 2*d + 5*i, -5*i - 10 = 0. Suppose -2*u - u - 69 = -m, -9 = -3*m. Let h be 328/11 + d/u. What is the highest common divisor of h and 12?
6
Let o(z) = -15*z**3 + 16*z**3 + 11*z**2 + 37 + 19*z**2 + 30*z. Let c be o(-29). What is the greatest common factor of c and 72?
8
Suppose -2*q + 5*u = -116, 0*q + 5*u - 262 = -4*q. What is the highest common divisor of 84 and q?
21
Let z = -262 - -317. What is the greatest common factor of 407 and z?
11
Let b(x) = 23*x + 18. Let t be b(4). Suppose t*l - 109*l = 11. What is the greatest common divisor of l and 11?
11
Let w be 28/(-5)*(-70)/4. Suppose 2*b - 11 = 17. What is the highest common factor of b and w?
14
Let u = 1426 - 1075. Calculate the highest common divisor of u and 13.
13
Let f(k) = 64*k**2 + 56*k - 156. Let i be f(3). What is the highest common factor of i and 12?
12
Let m = -331 + 467. Let d(v) = v**3 + 9*v**2 - 4*v - 18. Let y be d(-9). Suppose -68 = 16*b - y*b. What is the greatest common factor of b and m?
34
Let z be 1*(-2)/5 - 582/(-5). Suppose 0 = q + 3*o - 37, 4*q = -6*o + 2*o + z. Calculate the greatest common factor of 10 and q.
5
Let o be (-1 - 3)*(-9)/6. Suppose o*y - 3*y - 15 = 0. Suppose 3*z = -0 + 3. Calculate the highest common divisor of y and z.
1
Let i be 0/(-1 - 1 - -3). Suppose 2*x + 114 = -i*g + 2*g, x - 267 = -5*g. What is the greatest common factor of g and 36?
18
Let b = -244 + 1654. What is the highest common factor of 30 and b?
30
Suppose o = -3*l + 141, -17*l + 21*l = -4*o + 188. Calculate the highest common factor of 47 and l.
47
Let k(i) = i**2 - 23*i - 148. Let x be k(29). Calculate the highest common factor of 377 and x.
13
Let d = 56 - -68. Calculate the highest common factor of d and 8.
4
Suppose 4*b - 3*s = 303, -5*s - 10 = -3*s. Calculate the greatest common factor of 396 and b.
36
Suppose -4*s = -3*j + 5*j - 2198, 3*j = -3*s + 1641. What is the highest common divisor of 24 and s?
24
Suppose -5*y = -4*m + 8 + 127, 4*m + 4*y = 144. What is the highest common divisor of m and 25?
5
Suppose -108 = u - 109. Let g be ((-10)/(-8) - u)/(3/156). What is the greatest common divisor of 117 and g?
13
Let p be (-1)/(-2) + 2871/(-22). Let n be (-2)/7 - p/14. Suppose 5*b + l - 41 = 0, 42 = 5*b - 5*l - 23. What is the highest common factor of n and b?
9
Let x = 169 - 111. Let l = 66 - x. What is the highest common factor of l and 24?
8
Let r be 20/2*54/5. Let f be 1/((126/14)/324). What is the highest common divisor of r and f?
36
Let b(w) = 23*w + 2. Let q(l) = -23*l - 3. Let j(x) = -4*b(x) - 3*q(x). Let d be j(-1). Suppose -4*i + d = -0*i. What is the highest common factor of i and 6?
6
Suppose -3*w + 809 + 400 = 0. Suppose -2*k + 206 = 2*q - 4*q, -4*k + w = -q. What is the highest common divisor of k and 20?
20
Suppose 2*w + 5*j - 259 = 0, 4*w + 3*j + 176 = 659. Calculate the greatest common divisor of 13 and w.
13
Suppose 8*d + 64 + 32 = 0. Let x be (d/(-14))/(2/28). What is the highest common factor of x and 12?
12
Let p(t) = 100*t**2 - 2*t. Let u be p(1). Suppose 5*j = 2*j - l + u, l = j - 30. What is the greatest common factor of j and 32?
32
Let y = -10 + 16. Suppose 4*n + y = 5*v - 24, 10 = 2*v - 2*n. What is the greatest common divisor of 10 and v?
10
Suppose 4*o - 2100 = -o. Let w = -85 + 88. Let y be (o/18)/(1/w). What is the highest common divisor of 28 and y?
14
Let l be (-5)/(-3 + (2 - 0)). Let a be (l*24/20)/2. Suppose a*f = f + 156. What is the highest common divisor of f and 52?
26
Suppose 3*q + 6*t = 2*t + 4815, -5*t = 3*q - 4815. What is the greatest common factor of q and 15?
15
Suppose -4010*w + 4009*w = -14. Calculate the highest common factor of w and 602.
14
Suppose 11*v = 101 + 119. Let f(k) = 7*k + 6. Let b be f(8). Suppose -2*g + 7*r + 68 = 3*r, 0 = -2*g + r + b. What is the greatest common factor of v and g?
10
Suppose 0 = 4*l + 2*v - 5*v - 66, 4*l - 64 = 2*v. Suppose 13*z = 17*z - 20. Calculate the highest common factor of l and z.
5
Let j = 706 + -705. Calculate the greatest common divisor of j and 12.
1
Let l = 454 - -545. Calculate the greatest common factor of 27 and l.
27
Let f be ((-2)/(-4))/((-4)/(-3728)). Let p = 1042 - f. Suppose -o = 3*o + 4*q - p, 2*o + q - 287 = 0. Calculate the highest common factor of o and 13.
13
Let a(x) = x**2 - 46*x + 206. Let t be a(41). What is the greatest common factor of 32 and t?
1
Let j = -120 - -131. Let z be j/9 - 18/81. What is the highest common factor of 7 and z?
1
Let a be -3 + 3 + (-90)/(-2). Suppose 5*y + 4 = 29. What is the greatest common divisor of y and a?
5
Suppose 0 = -4*g + 190 - 54. Let j be g*2 - (1 + -5)/4. Suppose -52 = -2*n - 6. Calculate the greatest common divisor of n and j.
23
Suppose -17*m = -3251 - 4790. Calculate the greatest common factor of 86 and m.
43
Suppose 0 = -2*u + 5 + 3. Suppose d - 23 = -4*k, -3*d + u*k - 9 = -46. Calculate the greatest common divisor of 3 and d.
3
Suppose -10*a = -1778 + 238. Calculate the highest common divisor of 44 and a.
22
Suppose -5*c - 10 = -5*v, -5*c + 3*v = -c + 4. Let k = -4406 - -4413. What is the greatest common factor of k and c?
1
Let b(n) be the first derivative of -n**2/2 - 4. Let d be b(-1). Let m be 6/3 + (4 - d). What is the highest common factor of 35 and m?
5
Let i = 1 - 15. Let b be 4/i - (-1690)/35. Let a = 30 - 24. What is the greatest common factor of b and a?
6
Let h = 67 - 38. Let z = h + -10. What is the greatest common factor of z and 19?
19
Let q(s) = -s**3 - 8*s**2 - 5*s. Let t be q(-7). Let d be (-11014)/t + (-10)/(-35). Suppose d = 4*b - 269. What is the highest common factor of 24 and b?
24
Let w be ((-4)/6)/(4/6). Let f(j) = 21*j**3 + 3*j**2 - j - 1. Let t be f(1). Let l = t - w. Calculate the highest common factor of 23 and l.
23
Let c = -13 - -30. Suppose 0 = -j + 2*w + 11, 3*w = -0*j - 2*j + 43. What is the greatest common divisor of c and j?
17
Let d be ((-51)/2)/(6/(-272)). What is the greatest common factor of 4 and d?
4
Let t(o) = 2*o**2 - 5*o - 7. Let v be t(-4). Let p be v/35 - 4*1/14. What is the highest common factor of 11 and p?
1
Suppose 0 = 38*y - 33*y. Suppose 4*b = -y*b + 176. What is the greatest common factor of b and 4?
4
Let i(g) = g**2 + 12*g + 13. Let f be i(-11). Let y be f/8 + (-22)/(-8). Suppose -y*q + 34 + 5 = 0. Calculate the greatest common factor of q and 91.
13
Suppose 5*b = -2*i + 17, 9 = 3*b - 5*i - 26. Suppose 5*u + 8 = -n, 5*n - 6*u + b*u = 38. Calculate the highest common divisor of n and 1.
1
Let m = 1495 - -94. Calculate the greatest common factor of m and 7.
7
Let i(o) = 3 - o + 0*o + 2. Let g(l) = -2*l**2 + 16*l + 52. Let b be g(11). Let y be i(b). Calculate the greatest common divisor of 19 and y.
19
Let a be (-14)/4*(0 - 16/2). Let m be 1 - (1 - 0) - -44. Suppose 2*t + j - a = 0, 5*t - m = -0*t + 4*j. Calculate the greatest common divisor of t and 4.
4
Let j = -1 + 2. Suppose 115 = 15*b + 10. What is the highest common divisor of b and j?
1
Let v = -536 + 545. What is the greatest common divisor of 1 and v?
1
Suppose 49*y + 184 = 919. What is the greatest common factor of 360 and y?
15
Let p = 169 - 74. Suppose -3*q - 2*q + 30 = n, 4*q = 4*n. What is the highest common divisor of p and q?
5
Let l = 1087 - 1073. What is the highest common factor of l and 9?
1
Suppose -11*a + 630 = -96. Let h = -4 + 10. Calculate the highest common factor of h and a.
6
Let g be 30/7 - 6/21. Suppose 4*a - 10 = d, 23 = -0*d + g*d + 5*a. Suppose 5*t - 6 = d*t. What is the greatest common factor of t and 14?
2
Suppose 5*z + 3*m + 55 = 0, -4*m - 5 = -3*z - 9. Let x(s) = 5*s**2 + 13*s - 18. Let t be x(z). What is the highest common divisor of 18 and t?
18
Let v = 50 + -42. Suppose 6*a - v = 448. Suppose -2*r = 8 - 46. What is the grea